+ -31. Suppose -5*j + h*j = -124. What is the units digit of j?
4
Let x = -59 - -137. Suppose -7*w = -8*w + x. What is the tens digit of w?
7
Let t(g) = 5*g - 4. Let r be t(3). Let o be -15*r/((-165)/126). Suppose n = 2, 4*m + m + 3*n = o. What is the units digit of m?
4
Let z(b) = 31*b**2 + 5*b - 3. Suppose -3*w + v + 9 + 0 = 0, -3*w - v + 3 = 0. What is the tens digit of z(w)?
3
Suppose 2*n + 11 = -0*l + l, -n + 4*l - 9 = 0. Let z = 29 - n. What is the tens digit of z?
3
Suppose 2*a - 10 = -t, 2*t + 0*t = -3*a + 15. Suppose t = -4*n - 90 + 462. What is the tens digit of n?
9
Let f(p) = -p**3 - p**2 + 12*p - 17. What is the units digit of f(-8)?
5
Suppose -8*j - 4067 = -12995. What is the thousands digit of j?
1
Let s = 5 - 5. Suppose -3*f + 7*f - 100 = s. Suppose n = 2*n - f. What is the tens digit of n?
2
Suppose 2*b - h = 3*h + 378, 0 = 2*h + 2. Suppose -5*p = -b - 153. What is the tens digit of p?
6
Let k(f) = -f**2 + 9*f + 19. Let l be k(9). Let z = 40 + l. What is the tens digit of z?
5
Suppose q + 3 = g + 1, 0 = -2*g - 4*q + 22. Suppose 0*z - 275 = -g*z. What is the units digit of z?
5
Let t(m) = -3*m + 5. Let p(c) be the second derivative of -5*c**3 + 51*c**2/2 - 5*c. Let r(g) = 2*p(g) - 21*t(g). What is the tens digit of r(6)?
1
Suppose f - 6*f - 3*s + 15 = 0, -3*f + 3*s = -9. Suppose -4*a - 117 = -3*w, 0 = f*w + 3*a + 54 - 171. What is the units digit of w?
9
Let y be (-39)/(((-8)/6)/4). Let j = -6 + y. What is the hundreds digit of j?
1
What is the hundreds digit of -10 - -4 - -8 - -2191?
1
Let j(r) = r - 1. Let o(k) = -315. Let i(d) = -j(d) - o(d). Let n be i(0). Suppose n - 46 = 6*h. What is the tens digit of h?
4
Let p be 12/78 + (-180)/(-13). Let f be (-4)/p + (-1778)/(-49). Suppose u + 2*u - f = 0. What is the units digit of u?
2
Suppose 0 = -13*q + 8*q. Suppose 5*y = -4*o + 304, -o + q*o - 3*y = -69. What is the tens digit of o?
8
Suppose 12 = n - 4*a, -n - a = 11 - 33. Let h = 22 - n. Suppose -2*x + 32 = -3*z, 3*x - 5*z = h*x + 2. What is the tens digit of x?
2
Let m = 5457 - 3718. What is the units digit of m?
9
Let r = -1 - -3. Suppose 0 = r*d + d - 108. What is the tens digit of d?
3
Let j(x) = 2*x**2 - 6*x + 7. Let y be j(8). Let g = y + -34. What is the tens digit of g?
5
Let z = -18 - -18. Suppose -4*o - 2*b + 554 = z, -4*o + 2*b + 176 = -390. Suppose 2*r = -3*r + o. What is the units digit of r?
8
What is the hundreds digit of (-74 - 288)*27/(-2)?
8
Suppose 0 = g + h - 128 - 17, 0 = g + 2*h - 146. Suppose -5*q + g = 3*v - v, 0 = -5*v - q + 383. What is the units digit of v?
7
Suppose 0 = 3*w - 8 + 2, -w + 11 = 3*m. Suppose 10 = m*k + 5*b, 3*b - 6 = k + 7*b. What is the units digit of k?
0
Let n be 2 + (-3 - -3) + 29. Suppose -n = m - 79. What is the units digit of m?
8
Let j = -14 + 14. Suppose -o + 2*s + 158 = j, -o + s - 301 = -3*o. Suppose 41*t = 37*t + o. What is the units digit of t?
8
Suppose 0 = -3*f - 0*f + 6. Let i be (-3)/9 + (-190)/(-3). Suppose -5*d - 2*j = -81, -4*d + j = f*j - i. What is the tens digit of d?
1
Let q(u) = -26*u + 5. Suppose -38*b = -33*b + 25. What is the hundreds digit of q(b)?
1
Let f(p) = -2*p + 59. Suppose -2*z = 3*z. What is the tens digit of f(z)?
5
Let s = 243 - 146. Suppose -4*r = -4*u + 120, -2*r - 21 + s = 2*u. Let x = u - 13. What is the units digit of x?
1
Suppose 2*m + m = 2*y + 69, 5*m + 149 = -4*y. Let k = y + 93. What is the units digit of k?
7
Suppose -168 - 94 = -h. What is the units digit of h?
2
Let m = 2716 - 1009. What is the hundreds digit of m?
7
Let a(s) = s**3 + 6*s**2 - 5*s - 4. Let n(t) = -t**2 - 4*t + 5. Let w be n(-4). Suppose 30 = -w*i - 0*i. What is the units digit of a(i)?
6
Suppose 0 = -4*s + 3*s + 4*d - 6, -5*s = -3*d - 21. What is the tens digit of 3 + (4 - s) + 34?
3
Suppose -5*r = -6*r + 282. Suppose 3*c = 9*c + r. Let u = c + 79. What is the units digit of u?
2
Suppose 3*t + 1 = 2*t - 2*i, -16 = -4*t - 3*i. Let j = 64 + t. What is the units digit of j?
1
Let u(j) = 3*j**3 + j**2 - 7*j + 22. Let t(l) = -4*l**3 - l**2 + 10*l - 33. Let x(a) = -5*t(a) - 7*u(a). What is the tens digit of x(-4)?
4
Let n be (-3261)/(-12) - 1/(-4). Suppose v = -x + 67, -5*x + 67 = v - n. What is the units digit of x?
8
Suppose -2427 = -6*n + 2487. What is the hundreds digit of n?
8
Let u(o) be the second derivative of o**3/6 + o**2/2 - 5*o. Let f be u(2). Suppose a - 96 = -f*a. What is the tens digit of a?
2
Suppose -3*u = 4*r - 512, 13*r - 340 = -2*u + 10*r. What is the units digit of u?
6
Let s(f) = 5*f**3 - f + 5. Let p be (14 + -7)*(-4)/(-14). What is the tens digit of s(p)?
4
Let y(r) = -8*r - 5. Suppose 4*j - 5*o = 15, 7*o - 2*o - 75 = -5*j. Let b(f) = f**2 - 11*f + 7. Let t be b(j). What is the tens digit of y(t)?
1
Let v(g) = -7*g - g**2 + 3*g**2 + 9*g - 5 + 0*g. What is the units digit of v(5)?
5
Let c be 2/(-12*1) - (-304)/96. Let k be (-8)/(-6)*6/4. Suppose 5*v = 4*n + 7, -2*v + k*n + 8 = c*n. What is the units digit of v?
3
Let m = 84 - 83. What is the units digit of 94/(3 + -3 + m)?
4
Let q = -2590 + 4503. What is the tens digit of q?
1
Let x = 137 + -43. Suppose -130 - x = 4*m. What is the units digit of 3*(3 + m/(-6))?
7
Let t(y) = 8*y - 6. Suppose 3*s - 1 = -10. Let v be t(s). What is the units digit of v/(2 + (2 - 5))?
0
Let z be ((-7)/4 + -1)/(8/(-64)). Suppose -8*n = -10*n + z. What is the tens digit of n?
1
Suppose -144 + 14 = 13*s. What is the units digit of (76/s)/(-4 - (-395)/100)?
2
Let t be 0/(7/(21/(-6))). Suppose -2*r - 4*h = -3*h - 6, t = -2*r + 2*h. Suppose -r*l - 175 = -5*z, 7*z - 3*l = 3*z + 147. What is the units digit of z?
3
Suppose 3*k + k + 2*w - 48 = 0, 5*k = w + 53. Let b = -9 + k. Suppose -59 = -b*o - 5*i, o - 14 = 4*i - 4. What is the tens digit of o?
2
Let j(s) = -s**3 + 23*s**2 - 47*s + 109. Let q be j(21). Let o = 392 + -240. Suppose 2*t + q*f - 88 = -0*t, 4*t - 4*f - o = 0. What is the tens digit of t?
4
Let z(c) = c**3 + 9*c**2 + 6*c - 9. Let i be z(-7). Let t = -30 + 33. Suppose 1 = t*b - i. What is the units digit of b?
6
Let z(m) = 2*m - 2. Let v be z(2). Let q be 1/(6/(-21))*-2. Suppose q = v*b - 3. What is the units digit of b?
5
Let i(q) = 2*q**3 - 14*q**2 + 9*q + 5. What is the units digit of i(9)?
0
Let y(c) = -6*c + 10. Let j be y(4). Let x = j + 22. What is the units digit of x?
8
Suppose -5*r = -244 - 21. What is the tens digit of r?
5
Let r = 23 + -19. Suppose r*w = 296 + 336. What is the units digit of w?
8
Let h = 628 - -423. What is the tens digit of h?
5
Suppose -3*f + 2*h + 39 + 38 = 0, -5*f + 123 = 2*h. Suppose 5*r = -0*k + 2*k - 25, -k = -5*r - f. Let b = r - -24. What is the tens digit of b?
1
Suppose 7 = -3*k - 3*p + 31, 32 = 4*k - 3*p. What is the tens digit of k/12*-6 + 217?
1
Let i be (1 + 1 - -1)*1. Suppose -3*h = t + 6, i*h + 4 + 2 = 3*t. Let f(g) = 2*g**2 + 22. What is the units digit of f(t)?
2
Let u(o) be the third derivative of o**5/15 - o**4/12 - 14*o**3/3 + 8*o**2. What is the units digit of u(9)?
8
Let c be (1/(-2))/((-4)/624). Suppose o + v - 69 = 0, 99 = 3*o - 3*v - c. What is the units digit of o?
4
Let v be 308/3 - (-12)/36. Let r = -54 + v. What is the units digit of r?
9
Suppose 1245 = 4*k + 5*t, 4*t - 1254 = -4*k + 2*t. What is the hundreds digit of k?
3
Let q(r) = -42*r**3 - 1. Let f be q(-2). Suppose 6*o = o + f. What is the tens digit of o?
6
Suppose 4*m = m + 5*i + 25, -m = -2*i - 8. Suppose -9*k = -m*k + 228. What is the tens digit of k?
2
Let q = 479 - 287. Let m = -17 + q. What is the hundreds digit of m?
1
Let t = -104 - -33. What is the tens digit of 1 - (t + 9/3)?
6
Suppose -3*c - 50 = -2*l, 0 = c - 0*c - 5*l + 34. What is the units digit of (-24)/c*(-350)/(-75)?
8
Let d(x) = 27*x**2 + 13*x - 5. What is the units digit of d(-5)?
5
Let j = 1184 - 830. What is the units digit of j?
4
Suppose -2*i = 2*c + 2*i - 192, 334 = 4*c - 2*i. Suppose -2*h + c = 2*l, h = 6*h + l - 231. What is the tens digit of h?
4
Suppose -36*y = -38*y + 30. What is the units digit of y?
5
Let v be (-36)/63 - ((-318)/14)/3. Suppose 0 = i - v - 14. What is the tens digit of i?
2
Let a = 0 - -5. Let k(r) = -3*r**3 + 5*r**2 - 2*r - 1. Let j(h) = 5*h**3 - 7*h**2 + 3*h + 2. Let m(q) = a*j(q) + 8*k(q). What is the units digit of m(-5)?
7
Let h(j) = -7*j. Suppose -2*l + 14 = -2*g + 2, -5*l = 3*g + 34. What is th